10. Is (-715284)/(-270)*y/(-2) a composite number?
True
Is (1/(-4))/((-198)/7553656)*9 a prime number?
True
Suppose 15*n - 12*n - 4565357 = 2*z, -3*n - 3*z = -4565322. Is n a composite number?
False
Suppose 9*g - 56 = 7. Is (-2 - -2905)*(-2 + g)/5 composite?
False
Is (298936 - (5 - 10))/(12 - 9) prime?
False
Let o(z) = -1. Let v(c) = -551*c - 8. Let g(i) = -o(i) - v(i). Let a be g(4). Let k = a - -806. Is k a composite number?
False
Let b = -74026 + 277143. Is b a composite number?
False
Let x(v) = -16*v**3 + 6*v**2 + 2*v - 8. Let s be x(-3). Let f = s - 65. Is f composite?
True
Suppose -u - 3*v - 531 = -3*u, -3*u + 4*v = -799. Suppose z - 10 = -0*h + 2*h, -z - 2*h + 22 = 0. Let k = z + u. Is k a composite number?
True
Suppose 6*k = 212631 + 80751. Is (1*2)/(54/k) a prime number?
True
Let g(x) = -1915*x + 428. Is g(-3) a composite number?
False
Let l(p) = 5*p**2 + 29*p - 5. Let b be l(-6). Is (1 + b)*24031/14 a composite number?
False
Suppose -7*v + 2*v + 1279447 = s, 3*s = 5*v - 1279479. Is v a prime number?
False
Suppose 205*a = 23715633 + 36474622. Is a a composite number?
True
Is (-7 + 3 - -63076) + 11 prime?
False
Let t(y) = -26*y**3 - 3*y**2 - 3*y + 2. Let w be t(4). Let s = -3699 - -6298. Let v = s + w. Is v a prime number?
True
Let d be (-1 + 533797)*(110/(-20) + 6). Suppose 100*x - d = 94*x. Is x prime?
True
Let u = -76 + 83. Suppose 4*v + 971 = s, -u*v - 1967 = -2*s - 4*v. Is s a prime number?
True
Suppose 1421874 = 14*n - 895664 - 8229264. Is n prime?
False
Let j(u) = -152191*u + 2102. Is j(-5) a prime number?
False
Let g = 5565 + 47788. Is g composite?
False
Suppose 83960 = -8*j + 16*j. Suppose -500*m = -495*m - j. Is m prime?
True
Let s(c) = 7096*c + 3329. Is s(28) composite?
True
Let y be -1 - (-4 + -785 - 3). Let k(d) = d**2 - 1 + 6*d + y*d**3 - 17*d + 11*d. Is k(1) prime?
False
Suppose 0 = -x + 3 + 1, 3*x = -4*d + 28. Suppose 0 = -8*f - d*f + 21948. Is f prime?
False
Suppose 0 = 11*o - 55629 - 26332. Suppose 11*c - 9038 - o = 0. Is c composite?
False
Let s(d) = 74596*d + 9799. Is s(25) a composite number?
False
Suppose -3*v + 474362 = 4*w, -17*w + 22*w = -5*v + 592945. Is w composite?
True
Suppose 3*j + 4*g + 106 = 0, 7*j + 4*g - 230 = 12*j. Let u = j + 1181. Is u composite?
True
Suppose -d = -2*x + 1728946, 42*x - 4*d = 45*x - 2593375. Is x prime?
False
Let s(g) = 10*g**3 - 4*g**2 + 29*g + 41. Is s(8) composite?
True
Suppose 3504025 + 1570818 = 11*g + 8*g. Is g a prime number?
True
Suppose 9 = -2*y - y. Let i be 0/(-1) + (y - -6836) + 4. Suppose i = 3*s + 2*s - 4*j, 2*s - 2744 = -3*j. Is s a composite number?
True
Suppose 0 = 14*x - 9*x - 23110. Let h = x - 1779. Is h a prime number?
True
Let w(t) = 111*t**2 + 4*t - 3. Suppose -44 = -0*f + 11*f. Is w(f) a prime number?
False
Let m(t) be the first derivative of -29*t**4/2 - 10*t**3/3 - 9*t**2 - 11*t - 158. Is m(-5) composite?
False
Let o = 72 + -67. Suppose g = -4*t + 6305, -3*g = -o*g + 3*t + 12588. Is g/(0 - -1 - -2) a composite number?
False
Suppose -70*w + 405604 = -67*w + y, 0 = -2*w - 4*y + 270386. Is w a prime number?
False
Let p = -4639 - -9818. Suppose -p = -3*c - 0*g - 4*g, c = 5*g + 1758. Is c prime?
True
Let f = 33 + -37. Let v be (3 - 2) + (-1 - f). Suppose -y + 63 = -v*n, 2*n = -2*y + 4*y - 120. Is y a prime number?
True
Suppose 28*g + 56717 + 2195 = 0. Let j = 4425 + g. Is j prime?
False
Let r(b) = -2*b - 58. Let k be r(-24). Is ((-3176)/k)/((-2)/(-5)) a prime number?
False
Let o = 561003 - 291598. Is o a prime number?
False
Suppose -7*d = -2*w - 12*d - 5, 0 = 4*w - 2*d - 26. Suppose -2237 = -3*y + w*o, -9*y - 3*o = -8*y - 755. Is y composite?
True
Let s(y) = 331*y**3 + 12*y**2 + 26*y - 10. Is s(6) a composite number?
True
Let g be 1 + (-595543)/(-4) - (-37)/148. Suppose -g - 61341 = -12*t. Is t composite?
False
Let i(l) = -l**3 - 3*l**2 + l + 4. Let k be i(0). Suppose w = -8*d + 9*d - 3589, 3*w + 14356 = k*d. Is d prime?
False
Let g = 1 - -59. Let j be (3 - g/8)*(-12)/27. Suppose 3296 = 2*p - 2*u, 2*p + u = j*u + 3299. Is p prime?
False
Let r(t) = t**3 - 8*t**2 + 3*t - 23. Let q(n) = n**3 + 4*n**2 - 6*n - 15. Let m be q(-4). Is r(m) a composite number?
True
Let i = -837 - -840. Let b(h) = 580*h**2 + 19*h - 70. Is b(i) prime?
False
Is (-3 + 2027843/(-3))*(-177)/236 composite?
False
Suppose 0 = -d + 2*r - 12, 0 = -5*d - 2*r + 4*r - 28. Let p(v) = -v - 12. Let n be p(-13). Is n*-58*6/d a prime number?
False
Suppose -i - 943 = -4*u, 7*u - 8*u + 2*i + 234 = 0. Suppose -1194 + u = -2*v. Is v a composite number?
False
Suppose -2*b = 2*b - 4. Let z(p) be the second derivative of 259*p**4/4 + p**3/6 - 35*p. Is z(b) a prime number?
False
Is ((-159363)/18)/(1/(-2)) composite?
False
Let s(d) = 9*d**2 + 18*d + 23. Let k be s(10). Let c = 2662 - k. Is c composite?
False
Let g = 328637 + -130202. Suppose 103*o = 98*o + g. Is o a composite number?
True
Let z = -84 + 82. Is ((-30)/(-10) + 22234/z)/(-2) a composite number?
False
Let g = 661 - 1339. Let f be g - (112/(-35) - 1/(-5)). Let o = 1148 + f. Is o a prime number?
False
Let s be 3703*(-1 + -14)/5. Let r = -6032 - s. Is r prime?
True
Let h be 2/((-16)/(-1644))*(1 - 3). Let x = 1114 + h. Is x a prime number?
False
Is 105503*(6/10 + (-2)/(-5)) composite?
False
Suppose 14*o - 13*o + 4*h = 1745, h = 3. Is o a prime number?
True
Suppose 0 = -40*p - 75*p + 10403705. Is p a composite number?
True
Suppose -3428126 = -14*i - 108208. Is i composite?
False
Let p(q) = 184*q**2 - 31*q + 1030. Is p(-65) a prime number?
False
Suppose -8*p + 3*p = -10. Let j be (-2 + -4)*(-790)/3. Suppose -2*v - p*v = -j. Is v a composite number?
True
Let g = 13660 - 20886. Let f = g - -13308. Is f a composite number?
True
Let o be (31912/32)/(2/16). Suppose 5*v + o = 2*q, 5*q = -3*v + 16658 + 3318. Is q composite?
True
Suppose 3*l - l + 2*j + 4 = 0, -l = 2*j + 1. Let x(k) = -7*k**3 - 2*k**2 - 9*k - 7. Is x(l) a prime number?
True
Let t = -79506 + 172553. Is t prime?
True
Suppose -84*v - 2670 = -87*v. Let s = -481 + v. Is s prime?
True
Suppose 1440715 = 62*a - 1935809 - 1245514. Is a a prime number?
False
Suppose -19*a + 22*a - 90343 = -r, -3*r + 271049 = -a. Is r a prime number?
False
Is (-45)/((-405)/(-144)) - -271935 a prime number?
True
Suppose 2*j + 2235 = 7635. Suppose w = 13601 + j. Is w composite?
False
Let k(w) = -19*w**2 + w - 75. Let a(n) = 16*n**2 - n + 75. Let z(h) = 6*a(h) + 5*k(h). Is z(14) prime?
True
Let u(c) = 1522*c + 263. Let n be u(47). Suppose -g - 2*v = 11270 - 29223, 0 = -4*g - 5*v + n. Is g prime?
False
Let b(r) be the first derivative of 11*r**3 + 3*r**2/2 - 17*r + 102. Let s be 2 - 5/(-2 - -1). Is b(s) prime?
True
Suppose 432860443 = 215*l + 100*l - 26*l. Is l prime?
True
Suppose 0*y - 192452 = 5*y - 9*y. Is y a composite number?
True
Is 30683 - (-1 + 4/(-8))*(-28)/(-7) composite?
False
Suppose 4*r - 871351 = 5*w, 3*w = 3*r + 8*w - 653522. Is r composite?
True
Let n = 597193 - 232392. Is n prime?
True
Suppose -92407 = 7*z - 14*z. Let x = z - 8898. Is x a prime number?
False
Let r(j) = 216*j - 48. Let x be r(11). Is x/4 + 2 + 3 composite?
False
Suppose -3*t - 2*f + 219463 = 0, 25*t - 146332 = 23*t + 2*f. Is t prime?
False
Let c(z) = 268*z**3 + z**2 + 3*z - 3. Suppose -25*y = -27*y + 2. Let l be c(y). Let x = l + 714. Is x a prime number?
True
Suppose -51*l + l - 82*l = -3719892. Is l composite?
False
Let u(c) = 8208*c - 21. Suppose -173*o + 9 = -164*o. Is u(o) prime?
False
Let k be (-7 + 11/2)/(3/(-9208)). Suppose 6546 = 10*c - k. Is c a prime number?
False
Is 2/30 - (-461677424)/2715 prime?
True
Suppose 13*z = 326387 + 1167482. Is z composite?
False
Let z(o) = 10180*o**2 - 59*o + 42. Is z(-5) prime?
False
Suppose 104332 = 2*q + 28*y - 27*y, 260839 = 5*q + 4*y. Is q prime?
True
Let w(p) = p**3 + 5*p**2 + 5*p - 4. Let n be w(-3). Is n/(3/(-300)) + 6 a prime number?
False
Let f = 33 - 37. Let z be (-5 - f)/1*-5. Let s(p) = 54*p - 57. Is s(z) a composite number?
True
Let i(m) = 3 + 0 + 6 - 46*m + 3. Let g be i(-11). Let k = g - 219. Is k composite?
True
Let u be (-68)/(-16) - (1 + 6/(-8)). Let x = u + 42. Suppose s - 48 - x = 0. Is s a composite number?
True
Suppose 941181 + 16930 = 5*g + p, -2*p + 383238 = 2*g. Is g composite?
True
Suppose 529*l = 530*l. Suppose -13*h + 108468 - 30715 = l. Is h a composite number?
False
Let l(w